3797e?
-223797a
In base 2, what is 11001011000100000101011101 + -11?
11001011000100000101011010
In base 8, what is -4 - 160270267?
-160270273
In base 14, what is -6 - -20b635c?
20b6356
In base 2, what is 101 - -1000101000110011101110011011?
1000101000110011101110100000
In base 15, what is 114be + 133?
11602
In base 4, what is -300102133001 - 1?
-300102133002
In base 16, what is 78 + -16247f?
-162407
In base 3, what is 200 - 2111002202021?
-2111002201121
In base 14, what is -98b41 + -244?
-98d85
In base 4, what is 20 - -111113133130?
111113133210
In base 16, what is 17843 - -1735?
18f78
In base 10, what is -15 + -2014370?
-2014385
In base 8, what is 172 - -7460432?
7460624
In base 4, what is 13300 - 113321223?
-113301323
In base 10, what is 1452 - -7221?
8673
In base 13, what is -1470a91 + 7?
-1470a87
In base 9, what is 21 + 134878142?
134878163
In base 7, what is 5264230113 + -3?
5264230110
In base 13, what is 35c - -7b55?
81b4
In base 4, what is 323230220 - 12?
323230202
In base 3, what is 211002 + -1022111121?
-1021200112
In base 12, what is -63595 + -5a?
-63633
In base 9, what is -26 + -101820?
-101846
In base 11, what is -23 + 276026?
276003
In base 13, what is 91 - -2231a?
223ab
In base 8, what is -256660440 - 1?
-256660441
In base 13, what is -98591 - 27?
-985b8
In base 15, what is 29 + c1b0?
c1d9
In base 7, what is -6345514 - -25?
-6345456
In base 6, what is -152532133 - -405?
-152531324
In base 14, what is -15 + -dc004a?
-dc0061
In base 15, what is b5 + -1e1b8?
-1e103
In base 11, what is 3a9 - 17722?
-17324
In base 16, what is -cf79 + 45bc?
-89bd
In base 4, what is 2022213221 + 11?
2022213232
In base 5, what is 4 + 1301321?
1301330
In base 3, what is -2111011020112 - -10?
-2111011020102
In base 12, what is 34301163 + 2?
34301165
In base 16, what is 19fc - -3e04?
5800
In base 13, what is -18 - 135016?
-135031
In base 2, what is -1001011100110 + 100010?
-1001011000100
In base 6, what is 22322 - -3441?
30203
In base 13, what is 4 + 1640b65?
1640b69
In base 16, what is -139f6 - -70e?
-132e8
In base 4, what is -113 - 1032003320?
-1032010033
In base 8, what is 136602355 + -3?
136602352
In base 6, what is 55555134 + 5?
55555143
In base 4, what is -11 - 1222031022011?
-1222031022022
In base 3, what is -11220 - -110112200200?
110112111210
In base 9, what is 12 + -40033174?
-40033162
In base 10, what is 607851 - -1595?
609446
In base 12, what is 60a384 - 4?
60a380
In base 8, what is -64 - -7554717?
7554633
In base 14, what is -52c03 + -ad?
-52cb2
In base 8, what is 307 - 12404600?
-12404271
In base 2, what is -1101100101011 + -1001001110111?
-10110110100010
In base 7, what is -11 - 26320022?
-26320033
In base 11, what is 10160 + 3074?
13224
In base 16, what is 12abb + 23c?
12cf7
In base 2, what is -11111111101111011110 + 1011?
-11111111101111010011
In base 12, what is 25b58 + -465?
256b3
In base 5, what is -313304313 - 40?
-313304403
In base 10, what is -8992341 + -39?
-8992380
In base 10, what is 1321 + -11?
1310
In base 15, what is 3a9341 - 73?
3a92bd
In base 9, what is 18341753 - -2?
18341755
In base 11, what is 16960 + -2a88?
13983
In base 15, what is -1 - 90e1ab3?
-90e1ab4
In base 2, what is -1001110101010010111 + -10110?
-1001110101010101101
In base 3, what is 111120 + 11000120102?
11001001222
In base 7, what is -5 - -31114450?
31114442
In base 7, what is 2365 + -15261?
-12563
In base 6, what is -3224003543 + -5?
-3224003552
In base 5, what is -432140122 + -30?
-432140202
In base 12, what is -11a55 + -2565?
-143ba
In base 16, what is -182e - -2f8?
-1536
In base 10, what is 91 + 849592?
849683
In base 3, what is -101001210 - 101221210?
-210000120
In base 3, what is 120 - -110120220?
110121110
In base 15, what is -583ba + 2e4?
-580c6
In base 10, what is -116 - 173024?
-173140
In base 15, what is 3 + 1a2e02e?
1a2e032
In base 11, what is 14651043 - 2a?
14651014
In base 3, what is -21200102200100010 - 11?
-21200102200100021
In base 16, what is 230bc9 - 4?
230bc5
In base 8, what is 32222 + 14116?
46340
In base 5, what is -113 + 144204420?
144204302
In base 4, what is -10 - 121021330202?
-121021330212
In base 9, what is -3 + -24121777?
-24121781
In base 10, what is 88 - 620202?
-620114
In base 13, what is 3 + -102a201?
-102a1cb
In base 12, what is 4 + -177169a?
-1771696
In base 6, what is 51403414 - -5?
51403423
In base 5, what is -4034 + -14011043?
-14020132
In base 7, what is -631150 + 4002?
-624145
In base 12, what is 4182a - 12a?
41700
In base 2, what is 100101101110101100 + 1000011010100?
100110110010000000
In base 8, what is 335 - 40156?
-37621
In base 15, what is 65209e1 + 0?
65209e1
In base 14, what is 1818bc - -23?
181901
In base 8, what is -3 + -210601653?
-210601656
In base 3, what is -112122120110 + 221?
-112122112112
In base 14, what is 9dcd - 6c?
9d61
In base 7, what is -116262156 + -2?
-116262161
In base 11, what is 3 - 3334396?
-3334393
In base 8, what is 0 + -145635153?
-145635153
In base 7, what is 4035311 - 6?
4035302
In base 9, what is -5 + 28426116?
28426111
In base 13, what is -1007acb4 - 2?
-1007acb6
In base 6, what is -551231115 - 1?
-551231120
In base 13, what is -1027136 + -2?
-1027138
In base 13, what is -62c0 - -1bc3?
-43ca
In base 8, what is 17710470 - 4?
17710464
In base 10, what is -723223 + -238?
-723461
In base 5, what is -4031323042330 - 4?
-4031323042334
In base 3, what is -1001010 + -120010110011?
-120011111021
In base 14, what is -2436802 + -55?
-2436857
In base 4, what is 203210110 + 20?
203210130
In base 12, what is -38a9a72 + 18?
-38a9a56
In base 11, what is -4 + 38400254?
38400250
In base 5, what is 314 + 2103404204?
2103410023
In base 6, what is -2250020 - 14212?
-2304232
In base 9, what is 26522 - 822?
25600
In base 8, what is 5320052 + -4?
5320046
In base 7, what is -6216520 + 1?
-6216516
In base 8, what is 1677341 - -200?
1677541
In base 3, what is -101 - 200102222002102?
-200102222002210
In base 15, what is 1 + -36b223d?
-36b223c
In base 6, what is -3 - -4223550104?
4223550101
In base 11, what is -7551523 - -2?
-7551521
In base 13, what is 304 + 1bb0?
21b4
In base 6, what is 1002100225 - -3?
1002100232
In base 12, what is -5bba3211 + 5?
-5bba3208
In base 7, what is 1452332 + -32?
1452300
In base 10, what is -3293 + -3624?
-6917
In base 16, what is -7a + 10a31?
109b7
In base 11, what is -69471963 - -1?
-69471962
In base 6, what is 2542415401 + -1?
2542415400
In base 3, what is -100120200 - 1001211020?
-1102101220
In base 4, what is 1310203 + -30202121?
-22231312
In base 16, what is -8f3c + -48e?
-93ca
In base 2, what is 11 - -10110001101010000001011000?
10110001101010000001011011
In base 4, what is 211200203 + -110?
211200033
In base 4, what is 232222213032 - -12?
232222213110
In base 5, what is -33120 + 143024?
104404
In base 8, what is 252066140 - 0?
252066140
In base 14, what is 20 - -98049?
98069
In base 11, what is 8092147 + 4?
8092150
In base 3, what is 1002102 + 1001102?
2010211
In base 4, what is 132 - -11200021230?
11200022022
In base 5, what is -324 - -100110244?
100104420
In base 6, what is 2321 - -22142?
24503
In base 14, what is 1c8dc + 2b?
1c929
In base 12, what is ba8 - 3681?
-2695
In base 15, what is -7b41b - -10?
-7b40b
In base 9, what is -1662847 + 38?
-1662808
In base 9, what is -60067 + -1623?
-61701
In base 2, what is 0 - -10110011111010100010110?
10110011111010100010110
In base 5, what is 1022024232432 - 4?
1022024232423
In base 15, what is -1c - -1187c9?
1187ac
In base 8, what is 126 - -2455557?
2455705
In base 2, what is -11 - 1001110110010010001?
-1001110110010010100
In base 4, what is 121221020 + 201?
121221221
In base 7, what is -5 + 1656015622?
1656015614
In base 13, what is 89b9676 - -1?
89b9677
In base 10, what is 4664086 + -352?
4663734
In base 2, what is 1 - 1001111101001011010?
-1001111101001011001
In base 15, what is 3babcd - -3?
3babd1
In base 12, what is -2b3 + -463256?
-463549
In base 6, what is -145 - -532014?
531425
In base 10, what is -2009 + -31746?
-33755
In base 4, what is -30 - -33231010330?
33231010300
In base 14, what is -9 - -57bb6a?
57bb61
In base 13, what is 335777 - -7?
335781
In base 9, what is 367 - 148804?
-148426
In base 3, what is 10211020200 - 12020201?
10121222222
In base 6, what is 21305141 - 1532?
21303205
In base 15, what is 103 + -19536?